late the remainder when q is divided by 11.
9
Let v be 16/3 - 4/12. Let i = 36 - 15. Suppose -a = v - i. What is the remainder when a is divided by 9?
7
Suppose 2*k + a = 49, -2*k + 52 = -2*a - 0*a. Calculate the remainder when 72 is divided by k.
22
Let f = 15 - 10. Suppose f*h + 0*h - 30 = 0. Suppose h = -4*v + 38. What is the remainder when 14 is divided by v?
6
Suppose -8 = -5*m + 4*z + 155, -33 = -m + z. Suppose 0*b - 3*b + 24 = 0. Calculate the remainder when m is divided by b.
7
Suppose -d - 30 = -5*k - 9, k + 4*d = 0. Suppose 11 = 3*w - y, 4*w + 1 = -k*y + 37. Suppose -w = 4*a - 33. Calculate the remainder when a is divided by 4.
3
Let a(k) = k**2 + 8*k + 8. What is the remainder when 32 is divided by a(-9)?
15
Suppose 11*a - 6*a = 90. What is the remainder when a is divided by 4?
2
Suppose -6*g + 2*g + 116 = 0. Calculate the remainder when g is divided by 12.
5
Suppose 10*f + 219 = 13*f. Suppose -2*x = 2*x - 76. What is the remainder when f is divided by x?
16
What is the remainder when (-528)/(-18) + 3/((-27)/3) is divided by 15?
14
Let c(y) = -y + 6. Let a(p) = -11*p - 2. What is the remainder when a(-4) is divided by c(-5)?
9
Suppose -y = y + 5*v - 36, 2*y = -v + 28. Let s(k) = 2*k - 5. Let b be s(5). What is the remainder when -2 + (8*b - 1) is divided by y?
11
Suppose -9*n + 282 = -15. Calculate the remainder when 95 is divided by n.
29
Suppose 2*u - 2*b = 5*u - 49, -5*b - 20 = -2*u. Calculate the remainder when 42 is divided by u.
12
Let p(m) = 246*m**3 - m**2 + 1. Let c be p(1). Calculate the remainder when (-8)/12*c/(-4) is divided by 14.
13
Let g = -5 + 10. Suppose 0 = -4*n - 0*n + 12. What is the remainder when g is divided by 1/(n/6 + 0)?
1
Let c = -137 - -152. Calculate the remainder when 43 is divided by c.
13
Let x(s) = s**2 + 5*s - 25. Suppose m + i = -3*m + 58, m - 9 = -3*i. Calculate the remainder when x(-12) is divided by m.
14
Suppose -18*n = -19*n + 32. Calculate the remainder when n is divided by 9.
5
Let v(q) = -q + 11. Suppose 61 = 4*j + 17. Calculate the remainder when v(-9) is divided by j.
9
Let r(v) = -v**2 - 26*v + 71. Let g(d) = -8*d - 1. Let x be g(3). Let b = -17 - x. What is the remainder when r(-28) is divided by b?
7
What is the remainder when (-51)/((-2)/(-4) + -2) is divided by 9?
7
Calculate the remainder when ((-3)/6)/((-4)/408) is divided by 18.
15
Suppose -4*j = -103 + 23. Suppose -4*n - 52 = -4*k, -3*n - n = -3*k + 39. Let w = 51 - k. What is the remainder when w is divided by j?
18
Let o = -19 + 30. Suppose -98 + 38 = -3*r. Calculate the remainder when r is divided by o.
9
Suppose -2*u - 3 + 5 = 0, -2*l - u + 15 = 0. Let z(y) = y**3 + 6*y**2 - 5*y - 5. Calculate the remainder when z(-6) is divided by l.
4
Suppose -2*l - 5*b - 127 = 0, 4*l - 2*b = -168 - 26. Let u = 31 + l. Let p = -8 - u. Calculate the remainder when 35 is divided by p.
11
Suppose 3*b - 58 = 65. Suppose 4*s - b = -0*s - 5*a, 0 = 4*s - 3*a - 65. Suppose -3*w = w - 164. Calculate the remainder when w is divided by s.
13
Let b = 28 + -10. Let d(g) = 4*g**2 - 6*g + 2. Let w be d(7). Suppose -t - w = -4*t. What is the remainder when t is divided by b?
16
Let b be (-1 - -5 - 3) + -106. What is the remainder when b*(24/(-10) - -2) is divided by 11?
9
Suppose r = -4*r - 390. Let y = r - -115. What is the remainder when y is divided by 19?
18
Suppose 4 = -q + 6. Suppose q*t + 11 = -6*s + s, 8 = 4*t + 4*s. What is the remainder when 19 is divided by t?
5
Let c be ((-6)/9)/2*-183. Suppose 5*y + 11 = c. What is the remainder when (-4)/18 + 508/18 is divided by y?
8
Calculate the remainder when 0/(-3) + 17 - 4 is divided by 5.
3
Suppose -4*k + k = -15. Suppose 0 = 4*w - 3*q - 256, k*w - 3*q = -0*w + 317. What is the remainder when w is divided by 16?
13
Suppose 0 = -w + 47 - 19. What is the remainder when w is divided by (-2)/(-8) - (-39)/4?
8
Let j be 9/(-45) + (-6)/(-5). Let x(k) = 3*k. What is the remainder when 2 - (-1 + 0) - -2 is divided by x(j)?
2
Let a = -18 - -76. Let b(f) = 8*f - 2. Let r be b(4). Let o = a - r. Calculate the remainder when o is divided by 10.
8
What is the remainder when ((-8)/10)/((-4)/250) is divided by 17?
16
Suppose -2*l + 42 = -118. What is the remainder when l is divided by 21?
17
Suppose 5*m + 114 = -4*h, -2*h - 44 = -0*h - 4*m. Let r be (-2 - 0/(-2)) + 50. Let f = h + r. Calculate the remainder when f is divided by 8.
6
Let p(a) = a**2 - 3*a. Let t be (-4)/(-2) + 2/2. Let l = t + 3. Calculate the remainder when p(5) is divided by l.
4
Suppose -4*u + 4*w - 48 = 0, 4*w - 8*w - 40 = 4*u. Let s = -24 - u. Let k = -5 - s. Calculate the remainder when 15 is divided by k.
7
Let g = -16 - -18. Suppose 4*n - 104 = g*n. Calculate the remainder when n is divided by 14.
10
Suppose 5 = -6*q + 113. What is the remainder when ((-34)/6)/(2/(-18)) is divided by q?
15
What is the remainder when (43/(-2))/((-11)/22) is divided by 22?
21
Let p be (-1)/(-1) + 1 - -4. Suppose -p = 4*r + 2. What is the remainder when 21 + (-1 + 5)/r is divided by 7?
5
Let v(w) = -w**3 + 6*w**2 - 5*w - 8. What is the remainder when 13 is divided by v(4)?
1
Suppose -2*u = 2*g - 18, 3*g - u = 4*u + 3. What is the remainder when 3*(64/g + 1) is divided by 18?
17
Let x be (-2 + 4)*1 + 30. Suppose -v - 4*u + x = 0, 5*v - v = u + 43. What is the remainder when v is divided by 5?
2
Let d(r) be the second derivative of 2*r + 0 + 1/2*r**2 + 5/12*r**4 + 0*r**3. Calculate the remainder when 40 is divided by d(2).
19
Let u = 13 - 8. Suppose 2*q = u*q. Let p = 7 - q. Calculate the remainder when 12 is divided by p.
5
Suppose 1592 = 8*j + 96. Calculate the remainder when j is divided by 38.
35
Suppose -x + 66 = 2*m, -4*m - 4*x = 19 - 143. Let t = 0 + -3. Let q = t + m. Calculate the remainder when q is divided by 17.
15
Let c be (5/4)/(2/24). Suppose 2*m = -p + c, 0*m = p + m - 17. What is the remainder when 54 is divided by p?
16
Suppose 0 = -5*t + 184 - 29. Calculate the remainder when t is divided by 12.
7
Suppose -50 = -5*n - 5*u, -3*u + 2 = 5*n - 38. Let d = n + 77. What is the remainder when d is divided by 21?
19
Suppose 0 = 2*z - 5 - 1. Suppose -4*n - z*w + 10 = n, -2*n + 2*w = -20. What is the remainder when (8/(-10))/((-4)/70) is divided by n?
4
Suppose 4*z - 9*z + 10 = 0. Let d = 11 - 8. Let a = d + -1. Calculate the remainder when z is divided by a.
0
Let h = 32 - 22. Suppose -2*c - 45 = 3*c. What is the remainder when (-1*42)/(c/6) is divided by h?
8
Let m = 15 - 21. Suppose 0 = l - 19 - 13. What is the remainder when l is divided by 19 - 3/(m/(-4))?
15
Let p be (2/(-4))/(1/(-6)). Suppose -5 = -t - p. Calculate the remainder when 4 is divided by t.
0
Calculate the remainder when ((-4866)/(-9))/2 + 16/(-12) is divided by 45.
44
Let d = 10 - 4. Suppose 2*s + d = 30. What is the remainder when 22 is divided by s?
10
Suppose 8*f - 3*f = 100. Suppose -2*p - f = 2*p. Let x = p + 8. What is the remainder when 7 is divided by x?
1
Let v(a) = a**2 + 4*a. Suppose -5*m - 3*y = -16, -2*y + 12 = -2*m + 6*m. Suppose 52 = 6*p - m*p. What is the remainder when p is divided by v(-5)?
3
Suppose -6*w + w + 20 = 0. Let h(b) = -b**2 + 5*b + 2. What is the remainder when h(w) is divided by 2?
0
Suppose b = d + d + 13, 4*b + 5*d = 0. Calculate the remainder when b is divided by (2 - 2) + 0 - -2.
1
Suppose 3*b - 290 = -71. Let k(a) = a**2 - a + 19. What is the remainder when b is divided by k(0)?
16
Suppose 42 = 2*x + b, -x = 2*b + b - 11. Calculate the remainder when x is divided by 4/(-10)*(-300)/15.
7
Let m = -22 + 30. What is the remainder when 15 is divided by m?
7
Suppose 0 = 4*o - 9*o. Suppose -4*d = 3*t - 53, -5*t - 2 - 3 = o. Suppose 5*q - q = 104. Calculate the remainder when q is divided by d.
12
Let w(f) = 6*f - 17. Let m(b) = 17*b**2 - b - 1. What is the remainder when w(11) is divided by m(-1)?
15
Suppose 978 = -0*v - 2*v. Let y be v/15 - 8/20. Let q = y + 63. Calculate the remainder when q is divided by 16.
14
Let p(h) = 2*h - 12. What is the remainder when ((-80)/12)/((-2)/9) is divided by p(10)?
6
Suppose 4*h - 9 = -d + 9, -2*h + 18 = 5*d. What is the remainder when 5 is divided by d?
1
Let o(d) = -4*d - 3. What is the remainder when 40 is divided by o(-6)?
19
Let c = 94 - 80. Let g(q) = q**2 + 3*q + 9. Calculate the remainder when g(-6) is divide